. Suppose 2*p - 10 = 2*i + i, j*p + 3*i - 46 = 0. Calculate the remainder when (2/(-4))/(1575/(-522) - -3) is divided by p.
5
Suppose -w + 532 = 3*k, 0 = -3*k + 10*w - 12*w + 530. Suppose -3*o + 53 = 8. Calculate the remainder when k is divided by o.
13
Let q(m) = -38*m - 8. Calculate the remainder when q(-4) is divided by 25.
19
Let o(l) be the third derivative of l**5/60 - l**4/8 - 2*l**3/3 - 5*l**2. Let q be o(5). Calculate the remainder when ((-20)/q + 3)*-21 is divided by 5.
2
Let r(c) = 30*c**2 + c. Let n(z) = z**3 - 4. Let a be n(3). Let d = a - 22. What is the remainder when r(d) is divided by 8?
7
Let i(a) = -a**3 + 10*a**2 + 23*a + 26. Calculate the remainder when 34 is divided by i(12).
6
Let p(d) = -223*d**2 + 439*d**2 - 217*d**2 + 1 - 14*d. What is the remainder when 137 is divided by p(-9)?
45
Calculate the remainder when ((-125)/(-2))/((-22)/(-44)) is divided by 35.
20
Let b be (-4)/(-6)*(-7)/(56/60). Calculate the remainder when (-2 - -1)*2*-13 is divided by -3 + (-156)/(-15) - (-2)/b.
5
Let i be -39*((-4)/(-2) + -1). Let a(w) = 6*w**2 + 11*w - 17. Let m be a(3). Let t = m + i. Calculate the remainder when t is divided by 17.
14
Let b(p) = -65*p - 15. Let m be b(3). Let c = m + 387. Calculate the remainder when c is divided by 30.
27
What is the remainder when 188/8*(8 + 6) is divided by 103?
20
Suppose 141 = 4*y + 3*m, 14 + 60 = 2*y - 2*m. Suppose 5*b + 53 = 3*n, 5*n = b + 23 + y. Calculate the remainder when 87 is divided by n.
10
Let m(s) = 7*s + 1. Let t be -17 + 18 + (-2)/(-1). Suppose -t*q + q = -12. What is the remainder when m(3) is divided by q?
4
Let u = 10 - -4. Suppose 663 = 3*y + 639. Calculate the remainder when u is divided by y.
6
Suppose -3*f = -2*n - 2763, 3684 = 218*f - 214*f - 3*n. What is the remainder when f is divided by 28?
25
Let c be (0 + -1)/(2/4). What is the remainder when 8835/133 + (1 + -4 - (-432)/168) is divided by (4 + c)*(-17)/(-2)?
15
Let u(k) = -k**2 - 4*k + 3. Let o = 16 + -7. Let d = o + -13. What is the remainder when 8 is divided by u(d)?
2
Suppose -2*h + 3*y = -518, 27*h - 5*y = 22*h + 1290. What is the remainder when h is divided by 9?
4
Suppose -18*z + 15*z - 12 = 0. Let j be (12/3 + z)/3. Suppose j = -5*l + s + 54, -5*l + 46 = -l + 2*s. What is the remainder when 30 is divided by l?
8
Suppose 0*y = 5*y + 10. Let z be 5 + y - -13 - 0. Suppose 2*t + 2*b - z = 0, 6*b + 4 = -t + 2*b. What is the remainder when 22 is divided by t?
10
Let n(y) = y**2 - 8*y + 16. Suppose 3*l - 29 + 5 = 0. Calculate the remainder when n(l) is divided by 9.
7
Suppose -5*r + 17 = 4*a, 5*a + 2*r - 10 = 24. Calculate the remainder when 22 is divided by a.
6
Let w(u) be the third derivative of -5*u**4/24 - 8*u**3/3 + 23*u**2. Calculate the remainder when w(-9) is divided by 8.
5
Suppose 2*a - 5*a = 27. Calculate the remainder when 224 is divided by 5/(a/(-3) + 42/(-15)).
24
What is the remainder when 365 is divided by ((-72)/8 + 6)/(1/(-39))?
14
Calculate the remainder when -4 - (-170 + (-2)/1) is divided by 43.
39
Suppose 3*v + 33 = -117. Let j = v - -102. What is the remainder when j is divided by 14?
10
Let x(g) = -3*g + 4. Let m be x(-2). Suppose -2*r = 3*r - m. Calculate the remainder when 5 is divided by r.
1
Let m(n) = -n**3 - 2*n**2 + 5*n - 8. Suppose 4*u + 6 = 3*u. Let w be m(u). Let b = w + -73. What is the remainder when b is divided by 17?
16
Let l(f) = -4*f**2 - 60*f**3 - 9*f**2 + 1 + 18*f**2 - 6*f**2 + f. What is the remainder when l(-1) is divided by 24?
11
What is the remainder when -5 + 0 - -6 - -108 is divided by 29?
22
Let m(a) = -a**3 + 4*a**2 - a + 3. Let u be m(4). Let p(r) = -21*r - 1. What is the remainder when 79 is divided by p(u)?
19
Let r(c) = -20*c - 7. Let g = -116 + 173. Suppose -h + 39 = 4*z, 3*z - z = h - g. What is the remainder when h is divided by r(-1)?
12
Suppose 0 = 43*j + 17*j - 1740. What is the remainder when 405 is divided by j?
28
Let w = 115 + 85. Calculate the remainder when 14/(2/10 - (-10)/w) is divided by 31.
25
Suppose -20*v = 20*v - 4840. Calculate the remainder when 723 is divided by v.
118
Let a(j) = j**3 - 3*j**2 + j + 2. Let w be a(2). Suppose w = 5*u + 7*u - 252. What is the remainder when 60 is divided by u?
18
Let g(t) = 2*t**2 + 3. What is the remainder when 6 - (-12)/(-24)*(-111 - -1) is divided by g(-3)?
19
Suppose -960*l + 964*l - 44 = 0. Calculate the remainder when 15 is divided by l.
4
Let x = 84 - -201. Calculate the remainder when x is divided by 58.
53
Suppose -9*q + 4 = -77. Calculate the remainder when (3 - 2)/(6/138) is divided by q.
5
Suppose 1 = k - 1. Suppose k*t - 17 = 3*g, t - 3*g - 2 = -1. Let c = t + -6. Calculate the remainder when 37 is divided by c.
7
Let t be (4 - 194)*1*(0 + 1). Let z = -129 - t. What is the remainder when z is divided by 8?
5
Suppose -45*a = -44*a - 98. Calculate the remainder when a is divided by 10.
8
Let y = -1047 + 1151. What is the remainder when 398 is divided by y?
86
Let z = 935 + -894. What is the remainder when z is divided by 8?
1
Suppose -26*v + 31*v = -k + 832, -3*v = 3. What is the remainder when k is divided by 24?
21
Suppose -5*h + 340 = -4*h. What is the remainder when h is divided by 86?
82
Suppose 2*h = h + 5*y + 51, -2*h = -5*y - 77. What is the remainder when 48 is divided by h?
22
Let u be ((-6)/(-2))/((-741)/(-366) + -2). Let i = u - 86. Calculate the remainder when i is divided by 11.
3
Calculate the remainder when 149 is divided by (-11 - -11 - 2)/((-1)/5).
9
Let k = -8 - -8. Suppose 2*t - t - 16 = k. What is the remainder when 30 is divided by t?
14
Suppose -91*a + 97*a - 1998 = 0. What is the remainder when a is divided by 42?
39
Suppose 8*j - 17 = 199. Suppose 0 = 3*h + 9, -2*h + 122 = 6*y - 2*y. Let s = y - 18. Calculate the remainder when j is divided by s.
13
Let y = 3 + -9. Let q be 1908/(-8)*y/9. Suppose -3*d + 441 = q. What is the remainder when d is divided by 32?
30
Let r be -14 + 4 - 7 - (2 + -4). Let q(x) = x**3 + 15*x**2 - 12*x - 12. What is the remainder when q(r) is divided by 19?
16
Let a be ((-3)/2)/((-24)/736). Suppose 0 = 4*n + 2*z - a, 2*z + 2*z = -5*n + 59. Calculate the remainder when 882/n - (-2)/(-11) is divided by 27.
26
Let c = -180 - -339. Let p = c - 262. Let d = -72 - p. Calculate the remainder when d is divided by 8.
7
Let y(c) = c**2 - 2*c - 3. Let d = 9 - 11. Let t be y(d). Suppose -t*a = -192 + 22. What is the remainder when a is divided by 18?
16
Suppose 9*j = 691 - 295. Calculate the remainder when 2199 is divided by j.
43
Let b = -27 + 17. Suppose 4 - 110 = 5*x + 3*g, -5*x + 5*g = 90. Calculate the remainder when (-1972)/x - (-6)/b is divided by 25.
23
Let v(c) = 5*c**2 - 10*c - 20. What is the remainder when v(-3) is divided by 14?
13
Let m(r) = r**2 - 7*r + 5. Let v be 1/(-3) + (-30)/(-9). Suppose s + 0*s = v. What is the remainder when m(7) is divided by s?
2
Let n be 42/2 - 0*(5 - 6). Let u = 52 - n. Calculate the remainder when 152 is divided by u.
28
Let z = 104 - 90. Calculate the remainder when 35 is divided by z.
7
Let w be (-3)/1*(-20)/15. Suppose -2*j = b - 5*j + 3, -w*b + 6 = -3*j. Let a(o) = o**3 + 2*o**2 - o + 4. Calculate the remainder when a(b) is divided by 12.
10
Suppose 67*g = 64*g + 39. Suppose 16*o + g = 125. What is the remainder when 54 is divided by o?
5
Suppose -y + 613 = 610. Let v = -2 + 1. Calculate the remainder when v/((y/3)/(-27)) is divided by 10.
7
Suppose 7*x + 1063 = 5788. Suppose -6*y = 5*n - y - x, 5*y = 15. What is the remainder when n is divided by 27?
24
Let b(v) = -6*v - 108. Calculate the remainder when 16 is divided by b(-19).
4
Let u(k) = -k**2 - 32*k - 95. Calculate the remainder when u(-25) is divided by 22.
14
Let m(a) = a**3 + 11*a**2 + a - 21. Let z be -15*(2 - (-16)/(-12)). Calculate the remainder when m(z) is divided by 9.
6
Let q(i) = -i**3 + 7*i**2 + 12*i - 5. Let z = 42 + -37. Suppose 0 = z*y - 111 - 149. What is the remainder when y is divided by q(8)?
25
Let c be 30/25*(-20)/(-6). Suppose -2*u - 6 = -c*u. Calculate the remainder when 25 is divided by ((-1)/3)/(u/(-63)).
4
Let z = 3 - 2. Let l be 0 - (11 + (3 - 5)). What is the remainder when 16/(-12) + (-48)/l is divided by z?
0
Let d(v) = 16*v**3 - 3*v**2 + 4*v - 2. Let g(f) = -3*f + 16. Let m be g(5). What is the remainder when 44 is divided